{"id":24,"date":"2025-03-13T14:55:43","date_gmt":"2025-03-13T17:55:43","guid":{"rendered":"https:\/\/www.festivalplanaltoserra.com.br\/?page_id=24"},"modified":"2025-03-13T16:59:34","modified_gmt":"2025-03-13T19:59:34","slug":"etapa-3","status":"publish","type":"page","link":"https:\/\/www.festivalplanaltoserra.com.br\/?page_id=24","title":{"rendered":"Etapa 3"},"content":{"rendered":"\n<p>A terceira etapa do FACPS 2025 est\u00e1 prevista para a cidade de Campos Novos. Em breve mais informa\u00e7\u00f5es.<\/p>\n","protected":false},"excerpt":{"rendered":"<p>A terceira etapa do FACPS 2025 est\u00e1 prevista para a cidade de Campos Novos. Em breve mais informa\u00e7\u00f5es.<\/p>\n","protected":false},"author":1,"featured_media":0,"parent":0,"menu_order":0,"comment_status":"closed","ping_status":"closed","template":"","meta":{"footnotes":""},"class_list":["post-24","page","type-page","status-publish","hentry"],"_links":{"self":[{"href":"https:\/\/www.festivalplanaltoserra.com.br\/index.php?rest_route=\/wp\/v2\/pages\/24","targetHints":{"allow":["GET"]}}],"collection":[{"href":"https:\/\/www.festivalplanaltoserra.com.br\/index.php?rest_route=\/wp\/v2\/pages"}],"about":[{"href":"https:\/\/www.festivalplanaltoserra.com.br\/index.php?rest_route=\/wp\/v2\/types\/page"}],"author":[{"embeddable":true,"href":"https:\/\/www.festivalplanaltoserra.com.br\/index.php?rest_route=\/wp\/v2\/users\/1"}],"replies":[{"embeddable":true,"href":"https:\/\/www.festivalplanaltoserra.com.br\/index.php?rest_route=%2Fwp%2Fv2%2Fcomments&post=24"}],"version-history":[{"count":2,"href":"https:\/\/www.festivalplanaltoserra.com.br\/index.php?rest_route=\/wp\/v2\/pages\/24\/revisions"}],"predecessor-version":[{"id":50,"href":"https:\/\/www.festivalplanaltoserra.com.br\/index.php?rest_route=\/wp\/v2\/pages\/24\/revisions\/50"}],"wp:attachment":[{"href":"https:\/\/www.festivalplanaltoserra.com.br\/index.php?rest_route=%2Fwp%2Fv2%2Fmedia&parent=24"}],"curies":[{"name":"wp","href":"https:\/\/api.w.org\/{rel}","templated":true}]}}