{"id":34,"date":"2025-03-13T16:11:23","date_gmt":"2025-03-13T19:11:23","guid":{"rendered":"https:\/\/www.festivalplanaltoserra.com.br\/?page_id=34"},"modified":"2025-03-13T16:11:23","modified_gmt":"2025-03-13T19:11:23","slug":"inscricoes","status":"publish","type":"page","link":"https:\/\/www.festivalplanaltoserra.com.br\/?page_id=34","title":{"rendered":"Inscri\u00e7\u00f5es"},"content":{"rendered":"\n<p>As inscri\u00e7\u00f5es para o FACPS s\u00e3o gerenciadas atrav\u00e9s do site <a href=\"http:\/\/sistema.borsoi.com.br\" target=\"_blank\" rel=\"noreferrer noopener\">http:\/\/sistema.borsoi.com.br<\/a>. Atrav\u00e9s dele \u00e9 poss\u00edvel gerenciar todos concorrentes da entidade bem como grupos de dan\u00e7as.<\/p>\n\n\n\n<p>Conforme descrito no regulamento, ser\u00e1 obrigat\u00f3rio informar nas inscri\u00e7\u00f5es o nome de todos os componentes dos grupos de dan\u00e7as e as datas de nascimento de todos os participantes, sejam individuais ou coletivos.<\/p>\n\n\n\n<p>Clique<a href=\"http:\/\/gelson.borsoi.com.br\/?page_id=156\" target=\"_blank\" rel=\"noreferrer noopener\">&nbsp;aqui<\/a>&nbsp;para solicitar usu\u00e1rio e senha caso ainda n\u00e3o a tenha. Veja&nbsp;<a href=\"http:\/\/gelson.borsoi.com.br\/Usuarios.HTML\" target=\"_blank\" rel=\"noreferrer noopener\">aqui<\/a>&nbsp;as entidades com usu\u00e1rios j\u00e1 cadastrados.<\/p>\n\n\n\n<p>Abaixo o v\u00eddeo explicando como utilizar o site:<\/p>\n\n\n\n<figure class=\"wp-block-video\"><video controls src=\"http:\/\/gelson.borsoi.com.br\/InscricoesWebVideo.mp4\"><\/video><\/figure>\n","protected":false},"excerpt":{"rendered":"<p>As inscri\u00e7\u00f5es para o FACPS s\u00e3o gerenciadas atrav\u00e9s do site http:\/\/sistema.borsoi.com.br. Atrav\u00e9s dele \u00e9 poss\u00edvel gerenciar todos concorrentes da entidade bem como grupos de dan\u00e7as. Conforme descrito no regulamento, ser\u00e1 obrigat\u00f3rio informar nas inscri\u00e7\u00f5es o nome de todos os componentes dos grupos de dan\u00e7as e as datas de nascimento de todos os participantes, sejam individuais &hellip; <a href=\"https:\/\/www.festivalplanaltoserra.com.br\/?page_id=34\" class=\"more-link\">Continue lendo <span class=\"screen-reader-text\">Inscri\u00e7\u00f5es<\/span> <span class=\"meta-nav\">&rarr;<\/span><\/a><\/p>\n","protected":false},"author":1,"featured_media":0,"parent":0,"menu_order":0,"comment_status":"closed","ping_status":"closed","template":"","meta":{"footnotes":""},"class_list":["post-34","page","type-page","status-publish","hentry"],"_links":{"self":[{"href":"https:\/\/www.festivalplanaltoserra.com.br\/index.php?rest_route=\/wp\/v2\/pages\/34","targetHints":{"allow":["GET"]}}],"collection":[{"href":"https:\/\/www.festivalplanaltoserra.com.br\/index.php?rest_route=\/wp\/v2\/pages"}],"about":[{"href":"https:\/\/www.festivalplanaltoserra.com.br\/index.php?rest_route=\/wp\/v2\/types\/page"}],"author":[{"embeddable":true,"href":"https:\/\/www.festivalplanaltoserra.com.br\/index.php?rest_route=\/wp\/v2\/users\/1"}],"replies":[{"embeddable":true,"href":"https:\/\/www.festivalplanaltoserra.com.br\/index.php?rest_route=%2Fwp%2Fv2%2Fcomments&post=34"}],"version-history":[{"count":1,"href":"https:\/\/www.festivalplanaltoserra.com.br\/index.php?rest_route=\/wp\/v2\/pages\/34\/revisions"}],"predecessor-version":[{"id":35,"href":"https:\/\/www.festivalplanaltoserra.com.br\/index.php?rest_route=\/wp\/v2\/pages\/34\/revisions\/35"}],"wp:attachment":[{"href":"https:\/\/www.festivalplanaltoserra.com.br\/index.php?rest_route=%2Fwp%2Fv2%2Fmedia&parent=34"}],"curies":[{"name":"wp","href":"https:\/\/api.w.org\/{rel}","templated":true}]}}